{"id":25,"date":"2025-01-21T17:55:48","date_gmt":"2025-01-21T16:55:48","guid":{"rendered":"https:\/\/tramontane.biz\/?page_id=25"},"modified":"2025-01-22T19:03:33","modified_gmt":"2025-01-22T18:03:33","slug":"mentions-legales","status":"publish","type":"page","link":"https:\/\/tramontane.biz\/index.php\/mentions-legales\/","title":{"rendered":"Mentions l\u00e9gales"},"content":{"rendered":"\n<p><strong>Site Internet de Tramontane Corp<\/strong><\/p>\n\n\n\n<p><strong>1. Informations l\u00e9gales<\/strong><br>Conform\u00e9ment \u00e0 l&rsquo;article 6 de la loi n\u00b02004-575 du 21 juin 2004 pour la confiance dans l&rsquo;\u00e9conomie num\u00e9rique, les informations suivantes sont port\u00e9es \u00e0 la connaissance des utilisateurs du site :<\/p>\n\n\n\n<ul class=\"wp-block-list\">\n<li><strong>Propri\u00e9taire du site<\/strong> :<br>Tramontane Corp<br>Soci\u00e9t\u00e9 par actions simplifi\u00e9e (SASU) au capital de 10.000 euros<br>Si\u00e8ge social : 48 Bis rue de l&rsquo;Est, 92100 Boulogne Billancourt &#8211; France<br>Immatricul\u00e9e au Registre du Commerce et des Soci\u00e9t\u00e9s de Nanterre sous le num\u00e9ro 934 574 898<br><\/li>\n\n\n\n<li><strong>Responsable de publication<\/strong> :<br>Vincent GODARD <br><\/li>\n\n\n\n<li><strong>H\u00e9bergeur du site<\/strong> :<br>OVH &#8211; 2 rue Kellermann, 59100 Roubaix<\/li>\n\n\n\n<li><\/li>\n\n\n\n<li><strong>2. Propri\u00e9t\u00e9 intellectuelle<\/strong><\/li>\n\n\n\n<li>Le site, ainsi que l\u2019ensemble de son contenu (textes, images, graphismes, logos, ic\u00f4nes, vid\u00e9os, logiciels, etc.), est la propri\u00e9t\u00e9 exclusive de Tramontane Corp, sauf mention contraire. Toute reproduction, distribution, modification, adaptation ou publication, m\u00eame partielle, de ces \u00e9l\u00e9ments est strictement interdite sans l\u2019accord pr\u00e9alable \u00e9crit de Tramontane Corp.<\/li>\n<\/ul>\n\n\n\n<p><strong>3. Donn\u00e9es personnelles<\/strong><br>Tramontane Corp s\u2019engage \u00e0 respecter la confidentialit\u00e9 des donn\u00e9es personnelles collect\u00e9es via son site internet. Conform\u00e9ment au R\u00e8glement G\u00e9n\u00e9ral sur la Protection des Donn\u00e9es (RGPD) et \u00e0 la loi Informatique et Libert\u00e9s, vous disposez d\u2019un droit d\u2019acc\u00e8s, de rectification, de suppression et de portabilit\u00e9 de vos donn\u00e9es. Pour exercer vos droits, vous pouvez nous contacter \u00e0 l\u2019adresse suivante : contact@tramontane.biz<\/p>\n\n\n\n<p><strong>4. Cookies<\/strong><br>Le site n&rsquo;utilise pas de cookies .<\/p>\n\n\n\n<p><strong>5. Limitation de responsabilit\u00e9<\/strong><br>Tramontane Corp met tout en \u0153uvre pour garantir l\u2019exactitude et l\u2019actualit\u00e9 des informations diffus\u00e9es sur son site. Cependant, Tramontane Corp ne saurait \u00eatre tenue responsable des erreurs ou omissions, ni des dommages directs ou indirects pouvant d\u00e9couler de l\u2019utilisation du site.<\/p>\n\n\n\n<p><strong>6. Droit applicable et juridiction comp\u00e9tente<\/strong><br>Les pr\u00e9sentes mentions l\u00e9gales sont r\u00e9gies par le droit fran\u00e7ais. Tout litige relatif \u00e0 leur interpr\u00e9tation ou ex\u00e9cution sera de la comp\u00e9tence exclusive des tribunaux de Nanterre.<\/p>\n","protected":false},"excerpt":{"rendered":"<p>Site Internet de Tramontane Corp 1. Informations l\u00e9galesConform\u00e9ment \u00e0 l&rsquo;article 6 de la loi n\u00b02004-575 du 21 juin 2004 pour la confiance dans l&rsquo;\u00e9conomie num\u00e9rique, les informations suivantes sont port\u00e9es \u00e0 la connaissance des utilisateurs du site : 3. Donn\u00e9es personnellesTramontane Corp s\u2019engage \u00e0 respecter la confidentialit\u00e9 des donn\u00e9es personnelles collect\u00e9es via son site internet. [&hellip;]<\/p>\n","protected":false},"author":1,"featured_media":47,"parent":0,"menu_order":0,"comment_status":"closed","ping_status":"closed","template":"","meta":{"footnotes":""},"class_list":["post-25","page","type-page","status-publish","has-post-thumbnail","hentry"],"_links":{"self":[{"href":"https:\/\/tramontane.biz\/index.php\/wp-json\/wp\/v2\/pages\/25","targetHints":{"allow":["GET"]}}],"collection":[{"href":"https:\/\/tramontane.biz\/index.php\/wp-json\/wp\/v2\/pages"}],"about":[{"href":"https:\/\/tramontane.biz\/index.php\/wp-json\/wp\/v2\/types\/page"}],"author":[{"embeddable":true,"href":"https:\/\/tramontane.biz\/index.php\/wp-json\/wp\/v2\/users\/1"}],"replies":[{"embeddable":true,"href":"https:\/\/tramontane.biz\/index.php\/wp-json\/wp\/v2\/comments?post=25"}],"version-history":[{"count":1,"href":"https:\/\/tramontane.biz\/index.php\/wp-json\/wp\/v2\/pages\/25\/revisions"}],"predecessor-version":[{"id":32,"href":"https:\/\/tramontane.biz\/index.php\/wp-json\/wp\/v2\/pages\/25\/revisions\/32"}],"wp:featuredmedia":[{"embeddable":true,"href":"https:\/\/tramontane.biz\/index.php\/wp-json\/wp\/v2\/media\/47"}],"wp:attachment":[{"href":"https:\/\/tramontane.biz\/index.php\/wp-json\/wp\/v2\/media?parent=25"}],"curies":[{"name":"wp","href":"https:\/\/api.w.org\/{rel}","templated":true}]}}